 m = w - -59. List the prime factors of m.
2, 17
List the prime factors of 4/((8/(-22))/(-2)).
2, 11
Let g be (0 - -1)/(1/(-6)). List the prime factors of (-15)/g*(-106)/(-5).
53
Suppose -5*i = -2*d + 115, 0*d - 209 = -4*d + 3*i. What are the prime factors of d?
2, 5
Let r(m) = m**3 - 11*m**2 + m + 27. What are the prime factors of r(11)?
2, 19
Let t(l) = 3*l**2 - 3*l - 1. What are the prime factors of t(-3)?
5, 7
Let o(h) = 14*h + 1. Let j(z) = -z**2 + 5*z + 7. Let m be j(6). List the prime factors of o(m).
3, 5
Suppose 7*r - 36 = 4*r. Let j = r - 8. What are the prime factors of j?
2
Suppose c - 4*c + 96 = 0. Suppose -c = -2*g - 4*m + m, 2*m = 8. List the prime factors of g.
2, 5
Let y = 4 - 2. Suppose -4*m + 14 = -y*m. Suppose m + 26 = 3*q. What are the prime factors of q?
11
Let j(q) = 2*q**2 - 24*q + 7. List the prime factors of j(13).
3, 11
Suppose -2*f = -5*f - 2*l + 9, -5*f = -2*l - 31. Suppose -f*z = 100 + 25. Let p = z - -38. List the prime factors of p.
13
Let d(u) = -u. Let c(p) = -p**3 - 5*p**2 + p + 2. Let f be c(-5). Let i be d(f). Suppose -i = 2*z - 11. List the prime factors of z.
2
Suppose 0 = n + n. Suppose q - 3*c - 17 = n, 27 = -4*q + 2*c + 75. What are the prime factors of q?
11
Let y(j) = 12*j - 1. Let d(w) = -w. Let i(h) = -6*d(h) - y(h). Let f be i(-2). Suppose 4*a - 28 = -4*o, -5*a - o = -3*a - f. What are the prime factors of a?
2, 3
Suppose 5*b = 20, -2*d = -0*d - 3*b. What are the prime factors of d?
2, 3
List the prime factors of 2 - -10*(14/4)/7.
7
Let u be 8/36 + 752/18. Let a = -20 + u. Let w = 38 - a. List the prime factors of w.
2
Let x be ((-1)/(-3))/(2/42). Let j = x + -3. Suppose 4*w = -2*v + 6, 4*v - 33 = 3*w - j*w. List the prime factors of v.
3
Let j(x) be the first derivative of 13*x**3/3 + x - 5. What are the prime factors of j(1)?
2, 7
Let r(f) = -f - 3. Let n be 2/3*3 - 8. Let o be r(n). Suppose 4*d - 3*u + 1 = 5*d, 2*u + 36 = o*d. What are the prime factors of d?
2, 5
Suppose f + 0*f - 7 = 0. Suppose f*o = 10*o - 30. List the prime factors of o.
2, 5
Let k = -17 - -128. What are the prime factors of k?
3, 37
Let k = 326 + -191. List the prime factors of k.
3, 5
Let u(x) = 8*x**2. What are the prime factors of u(-2)?
2
Let v be (0 - -1)/((-4)/(-8)). Suppose -6*c + 4*c = -2*p, 5*p - 21 = -v*c. Suppose 8*a - c*a = 55. List the prime factors of a.
11
Suppose -h = -3*j - 2 - 1, -3*j = 4*h - 12. Suppose i + 4*i = j. Suppose i*r = 5*r - 40. List the prime factors of r.
2
What are the prime factors of (-3724)/(-30) + 14/(-105)?
2, 31
Suppose 3*i = -46 + 16. List the prime factors of (-111)/(-15) - (-4)/i.
7
Let i = 135 - 63. List the prime factors of i.
2, 3
Suppose -k + z = -44, -z = -k + 5*k - 196. List the prime factors of k.
2, 3
List the prime factors of (-9)/(-6) - 43/(-2).
23
Let q(s) = s + 7. Let t be q(-7). Suppose d + 3*d - 144 = t. Suppose 6 = -3*j + d. List the prime factors of j.
2, 5
Let b(i) = -i**2 + 7*i - 2. Let h(p) = p**2. Let t be h(-2). List the prime factors of b(t).
2, 5
What are the prime factors of (2 - 26/(-8))*44?
3, 7, 11
Let s = -19 + 27. What are the prime factors of s?
2
Suppose 33 = -0*y + 3*y. Suppose -12*l + 35 = -y*l. What are the prime factors of l?
5, 7
List the prime factors of (68/(-4) + 2)*24/(-10).
2, 3
Let o be (3/(-2))/((-4)/8). Suppose -o*r = a - 11 + 1, 4 = 2*r + 2*a. List the prime factors of r.
2
Let a(k) = 16*k - 2. What are the prime factors of a(3)?
2, 23
Suppose 25 = 5*u - 0*f - 2*f, -25 = 5*f. Suppose a + u*a = 0. Suppose 0 = -a*b - 4*b - r + 43, 2*r = -2*b + 20. List the prime factors of b.
11
Let t = -27 + 47. What are the prime factors of t?
2, 5
Let r(g) = 6*g + 1. Let a be r(-2). Let t = a - -21. Suppose t = -k + 6*k. What are the prime factors of k?
2
Suppose -2*m + 234 = -290. List the prime factors of m.
2, 131
Suppose -5*m + 5*x = -2 + 22, -4*m - 3*x = 16. Let g = -7 - m. Let h = g + 5. List the prime factors of h.
2
Let b be (-3)/6 - (-10)/4. Suppose -3*j = -2*p - 36, -5*j + 60 = p + b*p. What are the prime factors of j?
2, 3
Let g(k) = k**3 + 9*k**2 + 8*k + 2. Let l be g(-8). Suppose -4*z + l*z = -4. What are the prime factors of z?
2
Let o be (2 - 1) + (-4)/(-1). Suppose 19 + 71 = o*a. What are the prime factors of a?
2, 3
Let u = 61 - -165. What are the prime factors of u?
2, 113
Let l(t) = t**2 + 4*t - 13. Let b be l(-10). Let i = b - 25. What are the prime factors of i?
2, 11
Let h(n) = -2*n + 1. Let c be h(4). Let u(o) = -o - 7. Let s be u(c). Suppose s*m = -5*m + 65. What are the prime factors of m?
13
Suppose 3*d + 4*g - 713 = 0, -d + g = -99 - 141. List the prime factors of d.
239
Let o be -2 + 0 + (8 - 2). Suppose 0 = -o*t - 8. Let r(l) = l**2 - 1. List the prime factors of r(t).
3
Let z be -3 + (3 + -4)*2. Let l(w) = -w**3 - 6*w**2 - 6*w + 6. List the prime factors of l(z).
11
Let z be (29 - 2)*3/9. Suppose 3*r - 26 + z = 2*k, 5*k = 5*r - 30. What are the prime factors of r?
5
Suppose -3*q = -10*q + 2254. List the prime factors of q.
2, 7, 23
Let z = 2 - -1. Suppose -3 = -z*d + 3. Suppose -3*t + 11 = d. List the prime factors of t.
3
List the prime factors of (5/10)/(1/76).
2, 19
Suppose 0 = -3*i + p + 329, 0 = -p - 1 + 2. List the prime factors of i.
2, 5, 11
List the prime factors of 1*(38/3 - 4/(-12)).
13
Suppose 0 = 4*z - 2*r + 8, 5*z = -r + 3*r - 8. Suppose z = 3*o - o - 36. List the prime factors of o.
2, 3
Let l(y) = -y**2 - 12*y + 4. List the prime factors of l(-10).
2, 3
Let n(k) = -k**3 + k**2 + k + 50. Suppose -3*z + 0 - 4 = -y, 4*y = 2*z + 16. Let j be n(z). Suppose 7*w = 2*w + j. List the prime factors of w.
2, 5
Suppose -r + 4*q - 354 = 0, -2*q = 5*r + 1037 + 777. Let t be r/(-9) - (-4)/(-18). Suppose -l + t = 4*l. What are the prime factors of l?
2
Suppose 4*r - 31 = -5*z, -r - 4*z = -2*z - 7. What are the prime factors of r?
3
Suppose 0 = -5*v + 3*g - 85, 5*g = -2*v + 18 - 83. Let p = 42 + v. What are the prime factors of p?
2, 11
Let f be (-6)/9 + 118/6. Suppose 5*y + 64 - f = 0. Let l = 28 + y. What are the prime factors of l?
19
Let v be 8 - 4 - 8 - -4. Suppose 5*s - 4*i = 201, 177 = 5*s - v*s + 2*i. What are the prime factors of s?
37
Let b be -1*(-1)/1 - -3. Suppose m + b - 3 = 0. What are the prime factors of m/5 + 255/25?
2, 5
Let v = 44 - -115. What are the prime factors of v?
3, 53
Let v(l) = l**3 + 9*l**2 + 10*l + 7. Let b be v(-6). Let y = -26 + b. Suppose -3*r + 2*r + y = 4*c, -2 = -2*r. List the prime factors of c.
7
Let h = -4 + 6. Suppose -h*p - 23 = 1. Let w = p - -19. List the prime factors of w.
7
Let z(n) be the second derivative of n**5/20 - n**4/2 + 4*n**3/3 - 2*n**2 + 2*n. What are the prime factors of z(5)?
11
Let t(z) = -z + 15. Suppose 2*u + 2*q - 4 = 0, 4*u + 1 - 12 = -q. Let n(l) = 3*l. Let p be n(u). What are the prime factors of t(p)?
2, 3
Let k(p) be the second derivative of p**5/20 - p**4/4 + p**3/6 - 4*p**2 + 2*p. What are the prime factors of k(5)?
47
Let s = -4 + 7. Suppose -p = -s*p + 26. List the prime factors of p.
13
Let g(d) = -5*d + 39. What are the prime factors of g(0)?
3, 13
Let d = -32 + 83. List the prime factors of d.
3, 17
Let w = 8 + -3. Let d = 8 - w. Suppose -2 = d*b - 4*o, -3*b + 28 = 4*o - 2*o. List the prime factors of b.
2, 3
Let y(k) = 37*k + 26. List the prime factors of y(4).
2, 3, 29
Let q(d) = 8*d**2 + 25*d + 25. Let f(r) = r**2 + 3*r + 3. Let w(s) = 51*f(s) - 6*q(s). What are the prime factors of w(-2)?
3
Suppose 2*k - 1 = k. List the prime factors of 16 + (2/k)/2.
17
Let o(k) = 3*k + 1. Let l be o(-1). Let f be (1 - (-1 - -2))/l. Suppose 5*y - n = 50, -y + 3*y - 3*n - 7 = f. What are the prime factors of y?
11
List the prime factors of 35 - (-2 - 0)/(-2).
2, 17
Suppose b = -5*q + 22 + 4, -3*b = 3*q - 18. Suppose q*o - 21 = -4*n, n - 4*o = 3*n - 12. Suppose -a = n*a - 30. What are the prime factors of a?
2, 3
Suppose 8 = 2*f - 0. Suppose -4 = f*d + 24. Let c = d + 22. What are the prime factors of c?
3, 5
Let o(p) = p + 7. Suppose -4*j + 32 = -4*s, 2*j = -2*s - 3*s - 19. List the prime factors of o(s).
2
Let u = 283 - 129. What are the prime factors of u?
2, 7, 11
Suppose 4*l - 5*n = 349, 2*n - 18 = -l + 66. List the prime factors of l.
2, 43
Suppose -4*o - 3*c + 8*c + 44 = 0, 4*o + 3*c = 44. Let w = o - 8. Suppose -69 = -5*n - 3*f, 0 = -w*n + 4*n - f - 9